3*d**3 - 5*d**2 - 3*d + 4. Determine b(-2).
14
Let r(y) = -2*y**2 + 231*y - 947. What is r(111)?
52
Let u(b) = 2*b**2 + 447*b - 8. What is u(0)?
-8
Let q(f) = -600*f + 18591. Determine q(31).
-9
Let s(m) = m**2 - 21*m - 1450. Calculate s(-29).
0
Let z(h) = 2*h**2 - 88*h + 234. Give z(42).
66
Let k(j) = 14*j - 112. Give k(8).
0
Let c(q) = q**2 + 32*q + 285. What is c(-18)?
33
Let w(b) = -8*b + 12. Determine w(11).
-76
Let y(w) = 389*w + 2692. What is y(-7)?
-31
Let i(m) = -m**3 - 19*m**2 - 83*m - 6. Calculate i(-7).
-13
Let b(x) = -x**3 - 128*x**2 + 1375*x - 711. Calculate b(-138).
-21
Let c(d) = d**3 - 16*d**2 - 21*d - 233. Determine c(18).
37
Let y(x) = 3*x**2 - 15*x - 245. What is y(-7)?
7
Let p(s) = -s**2 + 209*s + 3163. Determine p(-14).
41
Let z(x) = -13*x**2 - 67*x - 246. Give z(-4).
-186
Let x(n) = -n**3 - 88*n**2 - 262*n - 586. Calculate x(-85).
9
Let h(w) = -2*w + 3. Give h(4).
-5
Let l(b) = 28*b**2 - 3*b - 4. What is l(-2)?
114
Let k(d) = 33*d**2 - 320*d - 83. What is k(10)?
17
Let r(w) = -w**2 + 29*w - 186. Give r(22).
-32
Let f(d) = -78*d + 319. Determine f(4).
7
Let m(x) = x**2 - 24*x + 243. Determine m(13).
100
Let m(u) = -31*u + 34. Calculate m(-4).
158
Let s(w) = -31*w + 164. Give s(7).
-53
Let c(v) = -v**3 + 24*v**2 - 87*v + 21. Give c(20).
-119
Let p(f) = -2*f**3 + 88*f**2 + 3*f - 75. Determine p(44).
57
Let o(t) = -t**3 + 31*t**2 + 106*t - 170. Give o(34).
-34
Let l(n) = n**3 + 51*n**2 + 48*n - 106. What is l(-50)?
-6
Let l(n) = n**3 - 19*n - 11. What is l(5)?
19
Let s(k) = 6*k**2 - 4*k - 31. Calculate s(8).
321
Let v(q) = q**3 + q**2 + 6*q - 7. Give v(5).
173
Let s(c) = -4*c**3 + 6*c**2 - 14*c + 3. Determine s(3).
-93
Let y(n) = 41*n + 178. What is y(-5)?
-27
Let p(l) = l**2 - 46*l + 677. Calculate p(37).
344
Let m(r) = 52*r**2 - 12*r - 35. What is m(-1)?
29
Let f(o) = -o**2 + 258*o - 1012. Calculate f(4).
4
Let u(d) = -10*d**2 + 388*d - 385. Determine u(1).
-7
Let z(v) = -2*v**2 + 36*v + 335. What is z(23)?
105
Let w(a) = a**3 - 29*a**2 - 60*a - 68. Give w(31).
-6
Let g(q) = 6*q + 310. Determine g(-54).
-14
Let r(q) = -6*q**3 + 3*q**2 - 35*q + 68. Calculate r(2).
-38
Let u(w) = -2*w**3 - 192*w**2 - 1252*w - 21. What is u(-7)?
21
Let g(q) = q**3 - 10*q**2 + 11*q + 3. What is g(9)?
21
Let n(m) = -28*m**3 - 5*m**2 - 19*m - 18. Calculate n(-1).
24
Let y(j) = 7*j**2 - 27*j - 30. Calculate y(8).
202
Let k(s) = -3*s**2 + 21*s + 57. What is k(9)?
3
Let j(m) = 5*m**2 + 6*m - 69. What is j(-13)?
698
Let o(n) = -2*n**3 + 12*n**2 + 31*n + 13. What is o(8)?
5
Let o(z) = 28*z - 1188. Give o(43).
16
Let a(j) = j**3 - 156*j**2 + 1460*j - 104. Calculate a(146).
-104
Let s(o) = o**2 - 2*o - 171. Calculate s(14).
-3
Let d(a) = -a**3 + 15*a**2 + 539*a - 8366. Determine d(16).
2
Let n(j) = -4*j**2 - 20*j - 70. Determine n(-4).
-54
Let k(a) = 4609*a - 13821. Determine k(3).
6
Let u(i) = -41*i + 977. Determine u(26).
-89
Let d(l) = 69*l + 1083. What is d(-16)?
-21
Let h(y) = -22*y**2 - 252*y + 252. Calculate h(1).
-22
Let v(x) = 14*x**3 + 4*x - 46. What is v(0)?
-46
Let c(y) = -79*y + 1169. Calculate c(15).
-16
Let p(n) = -n**3 + 23*n**2 - 51*n - 18. Calculate p(20).
162
Let b(k) = -3*k**2 - 150*k + 1276. Calculate b(8).
-116
Let i(x) = x**2 + 44*x + 196. Calculate i(-39).
1
Let q(n) = -n**3 - 35*n**2 + 5*n + 175. What is q(-35)?
0
Let b(t) = t**2 + 2*t - 2. Determine b(-5).
13
Let r(h) = -h**2 + 40*h - 191. Give r(36).
-47
Let j(u) = 5*u**2 + 123*u + 31. Determine j(-22).
-255
Let j(k) = 6*k**2 - 247*k + 1576. Determine j(8).
-16
Let z(o) = -2*o**3 + 22*o**2 + 23*o - 20. Calculate z(12).
-32
Let l(z) = 6*z - 285. Calculate l(37).
-63
Let z(p) = 241*p + 1687. What is z(-7)?
0
Let x(b) = -b**2 - 103*b + 17935. Give x(-195).
-5
Let m(x) = -2*x**3 - 20*x**2 - 13*x + 1. Calculate m(-9).
-44
Let c(r) = 1262*r + 45432. Give c(-36).
0
Let a(j) = -j**2 + 79*j - 1375. Calculate a(53).
3
Let h(i) = 2*i + 35. Calculate h(2).
39
Let r(y) = -3*y**3 + 2*y**2 + 18*y + 23. Calculate r(-2).
19
Let x(g) = -86*g - 3353. Give x(-39).
1
Let q(o) = 3*o**2 - 26*o - 176. Give q(13).
-7
Let d(n) = -n**3 - 83*n**2 + 97*n + 1116. Give d(-84).
24
Let z(x) = -29*x + 952. Give z(33).
-5
Let k(d) = -d**3 + 136*d - 391. Give k(3).
-10
Let x(i) = 1302*i - 2598. What is x(2)?
6
Let h(q) = -60*q**2 - 191*q + 3. Determine h(-3).
36
Let m(j) = 400*j - 490. Give m(1).
-90
Let w(m) = -160*m + 476. What is w(3)?
-4
Let t(k) = -2*k**3 - 14*k**2 - 23*k - 14. Calculate t(-6).
52
Let p(n) = -36*n - 56. Determine p(-1).
-20
Let a(s) = 2*s**3 + 26*s**2 - 24*s + 39. Give a(-14).
-17
Let y(g) = g**3 + 15*g**2 + 16*g + 22. Determine y(-15).
-218
Let s(b) = 6*b**2 - 17*b - 13. Calculate s(6).
101
Let i(k) = -24*k - 46. Calculate i(0).
-46
Let q(j) = -5*j**2 + 93*j + 460. Give q(-4).
8
Let c(p) = -27*p + 122. Determine c(4).
14
Let b(z) = z**2 + 66*z - 10330. Calculate b(74).
30
Let z(j) = j**3 - 6*j**2 - 33*j + 55. Give z(9).
1
Let q(m) = 46*m**2 + 1804*m + 404. Determine q(-39).
14
Let c(l) = 19*l**2 + 986*l - 101. Calculate c(-52).
3
Let j(i) = i**3 - 2*i**2 - 6*i. Determine j(3).
-9
Let d(t) = t**3 + 8*t**2 - 61*t - 468. What is d(-9)?
0
Let x(p) = 6*p**2 + 22*p - 77. What is x(3)?
43
Let t(d) = d**2 + 16*d - 217. What is t(-27)?
80
Let w(y) = -6*y**2 + 167*y - 288. Give w(26).
-2
Let o(u) = 744*u + 19350. What is o(-26)?
6
Let w(c) = 4*c**3 - 19*c**2 + 19*c - 102. Calculate w(6).
192
Let c(y) = -59*y + 2710. What is c(46)?
-4
Let f(r) = r**3 - 47*r**2 + 417*r + 29. Determine f(12).
-7
Let g(l) = l**3 + 18*l**2 + 45*l + 84. Determine g(-15).
84
Let s(r) = 191*r + 2970. What is s(-16)?
-86
Let n(h) = 52*h + 380. Give n(-7).
16
Let q(z) = z**3 - 52*z**2 - 11*z + 514. Determine q(52).
-58
Let m(p) = 105*p + 5213. Give m(-50).
-37
Let d(a) = -55123*a - 275613. Give d(-5).
2
Let i(y) = 2316*y + 13982. What is i(-6)?
86
Let i(p) = -57*p**3 + 42*p**2 + 77*p + 2. Determine i(-2).
472
Let m(x) = 199*x + 1284. Determine m(-6).
90
Let a(h) = 151*h + 4070. Determine a(-27).
-7
Let n(l) = 62*l**2 - 158*l - 26. Determine n(3).
58
Let y(n) = -2*n**3 + 13*n**2 + 46*n - 25. Determine y(9).
-16
Let n(l) = -10*l**3 + 100*l**2 - 51*l + 580. Give n(10).
70
Let y(c) = c**3 - 4*c**2 + 8*c - 41. Give y(4).
-9
Let h(c) = 3*c**3 + 8*c**2 - 19*c - 7. Calculate h(-3).
41
Let x(t) = -2*t**3 + 10*t**2 + 5*t - 3. Give x(4).
49
Let t(l) = -2*l**2 + 353*l + 2081. Determine t(-6).
-109
Let v(r) = 2*r**2 - 30. Determine v(-4).
2
Let y(j) = -13*j + 410. Determine y(30).
20
Let t(d) = 13*d**2 + 503*d - 1800. Calculate t(-42).
6
Let h(v) = -v**3 + 31*v**2 - 3*v + 89. Determine h(31).
-4
Let m(s) = -s**2 + s - 3. Determine m(9).
-75
Let v(h) = -h**3 + 15*h**2 - 37*h + 16. Determine v(11).
93
Let l(f) = 118*f + 362. What is l(-5)?
-228
Let c(g) = 87*g + 15582. Give c(-179).
9
Let c(j) = -622*j + 7456. Calculate c(12).
-8
Let u(q) = -808*q + 1569. What is u(2)?
-47
Let w(f) = f**2 + 2243*f - 52120. What is w(23)?
-2
Let c(s) = 2*s**3 + 86*s**2 - 182*s - 21. Calculate c(-45).
69
Let q(f) = -7*f + 89. Determine q(-8).
145
Let v(m) = m**2 + 22*m - 4620. Determine v(-80).
20
Let z(r) = 11*r**3 + r**2 + 7*r - 10. Calculate z(2).
96
Let u(v) = -11*v + 245. Determine u(23).
-8
Let w(k) = -3*k**3 + 213*k**2 + 445*k + 30. Determine w(-2).
16
Let j(k) = -k**2 - 89*k - 1557. Give j(-64).
43
Let j(x) = x**3 - 31*x**2 - 6*x + 188. What is j(31)?
2
Let w(v) = v**3 - 15*v**2 + 21*v + 55. Give w(13).
-10
Let c(p) = -36*p**2 + 10*p + 10. What is c(-1)?
-36
Let i(n) = 128*n + 4071. Give i(-32).
-25
Let r(i) = -58*i + 445. Calculate r(8).
-19
Let i(k) = 497*k + 8902. Determine i(-18).
-44
Let n(z) = 171*z**2 - 372*z - 6. Calculate n(2).
-66
Let d(w) = -18*w**2 + 756*w - 32. What is d(42)?
-32
Let t(m) = m**2 - 2*m - 82. Calculate t(-8).
-2
Let w(s) = 153*s - 1712. Calculate w(11).
-29
Let t(g) = -g**3 - 4*g**2 - 91*g - 615. Calculate t(-6).
3
Let c(r) = 847*r - 10157. Determine c(12).
7
Let c(z) = -491*z - 1879. Calculate c(-4).
85
Let h(y) = -49*y + 5511. Determine h(112).
23
Let r(z) = -z**3 - 18*z**2 + 180*z + 116. Determine r(-25).
-9
Let t(p) = 32*p**2 - 7*p - 28. Determine t(6).
1082
Let q(h) = -h**3 + 46*h**2 - 240*h + 9. Determine q(40).
9
Let q(i) = 2437*i + 14630. Determine q(-6).
8
Let a(t) = -2*t**2 - 20*t - 43. Calculate a(-4).
5
Le